{"id":13335,"date":"2022-01-07T14:11:14","date_gmt":"2022-01-07T13:11:14","guid":{"rendered":"http:\/\/www.sp1.imielin.pl\/?page_id=13335"},"modified":"2022-01-07T14:11:14","modified_gmt":"2022-01-07T13:11:14","slug":"wyzwanie-czytelnicze","status":"publish","type":"page","link":"https:\/\/sp1.imielin.pl\/index.php\/narodowy-program-rozwoju-czytelnictwa\/wyzwanie-czytelnicze\/","title":{"rendered":"Realizacja Projektu"},"content":{"rendered":"<table style=\"width: 1157px;\">\n<tbody>\n<tr style=\"height: 263px;\">\n<td style=\"width: 588.217px; height: 263px; text-align: center;\">KLIKNIJ W OBRAZEK PONI\u017bEJ<a href=\" http:\/\/www.sp1.imielin.pl\/o-szkole\/narodowy-program-rozwoju-czytelnictwa\/wyzwanie-czytelnicze\/opisy-projektow\"><img loading=\"lazy\" decoding=\"async\" class=\"alignnone wp-image-13384\" src=\"http:\/\/www.sp1.imielin.pl\/wp-content\/uploads\/2022\/01\/projekty-klasowe-2.jpg\" alt=\"projekty klasowe\" width=\"573\" height=\"405\" srcset=\"https:\/\/sp1.imielin.pl\/wp-content\/uploads\/2022\/01\/projekty-klasowe-2.jpg 600w, https:\/\/sp1.imielin.pl\/wp-content\/uploads\/2022\/01\/projekty-klasowe-2-300x212.jpg 300w\" sizes=\"auto, (max-width: 573px) 100vw, 573px\" \/><\/a><\/td>\n<td style=\"width: 570.783px; height: 263px; text-align: justify;\">Projekty klasowe<\/td>\n<\/tr>\n<tr style=\"height: 234.117px;\">\n<td style=\"width: 588.217px; height: 234.117px; text-align: center;\">\u00a0 KLIKNIJ W OBRAZEK PONI\u017bEJ<a href=\" http:\/\/www.sp1.imielin.pl\/o-szkole\/narodowy-program-rozwoju-czytelnictwa\/wyzwanie-czytelnicze\/wyzwanie-czytelnicze-filmy\/\"><img loading=\"lazy\" decoding=\"async\" class=\"aligncenter wp-image-13338 \" src=\"http:\/\/www.sp1.imielin.pl\/wp-content\/uploads\/2022\/01\/SZKOLNE-WYZWANIE-CZYTELNICZEgggggg-1.jpg\" alt=\"SZKOLNE WYZWANIE CZYTELNICZEgggggg\" width=\"545\" height=\"386\" srcset=\"https:\/\/sp1.imielin.pl\/wp-content\/uploads\/2022\/01\/SZKOLNE-WYZWANIE-CZYTELNICZEgggggg-1.jpg 749w, https:\/\/sp1.imielin.pl\/wp-content\/uploads\/2022\/01\/SZKOLNE-WYZWANIE-CZYTELNICZEgggggg-1-300x212.jpg 300w\" sizes=\"auto, (max-width: 545px) 100vw, 545px\" \/><\/a><\/td>\n<td style=\"width: 570.783px; height: 234.117px; text-align: justify;\">W ramach Narodowego Programu Rozwoju Czytelnictwa 2.0 realizujemy Wyzwanie Czytelnicze polegaj\u0105ce na nominowaniu do udzia\u0142u w projekcie og\u00f3lnoszkolnym.<br \/>\nOsoba nominowana ma za zadanie:<br \/>\n&#8211; nagranie w ci\u0105gu 2 tygodni filmiku (max 3 minuty) reklamy, zach\u0119ty do przeczytania ksi\u0105\u017cki wybranej z ksi\u0119gozbioru biblioteki szkolnej,<br \/>\n&#8211; wys\u0142anie filmu na adres &#8211; maria.habryka@sp1.imielin.pl,<br \/>\n&#8211; nominowanie \u00a01 osoby (to mo\u017ce by\u0107 ucze\u0144 lub nauczyciel)- nazwisko nominowanego te\u017c nale\u017cy przes\u0142a\u0107 na adres p. Habryki &#8211; osoba mo\u017ce by\u0107 nominowana tylko jeden raz, -osoba wybrana otrzyma informacj\u0119 o swojej nominacji na dzienniku elektronicznym.<br \/>\nFilm zostanie umieszczony na stronie internetowej szko\u0142y w zak\u0142adce NPRC<br \/>\n\u017byczymy dobrej zabawy \uf04a<\/td>\n<\/tr>\n<tr style=\"height: 263px;\">\n<td style=\"width: 588.217px; height: 263px; text-align: center;\"><img loading=\"lazy\" decoding=\"async\" class=\"alignnone wp-image-13996 size-full\" src=\"http:\/\/www.sp1.imielin.pl\/wp-content\/uploads\/2022\/01\/dzie\u0144-pluszowego-misia.jpg\" alt=\"dzie\u0144 pluszowego misia\" width=\"749\" height=\"530\" \/><\/td>\n<td style=\"width: 570.783px; height: 263px; text-align: justify;\">25 listopada przypada Dzie\u0144 Pluszowego Misia. Jako, \u017ce spotkania z misiami to sama przyjemno\u015b\u0107, nie ograniczyli\u015bmy si\u0119 do jednego dnia, tylko \u015bwi\u0119towali\u015bmy ca\u0142y tydzie\u0144 wraz z uczniami klas I &#8211; III i przedszkolakami z grupy Skrzaty. Miejscem spotka\u0144 by\u0142a biblioteka szkolna, wi\u0119c na pocz\u0105tek nasi go\u015bci wys\u0142uchali wierszy i opowiadania ze szkolnego ksi\u0119gozbioru. Czytaj\u0105cymi by\u0142y ich starsze kole\u017canki z klas VII. Po lekturze przyszed\u0142 czas na rozwi\u0105zywanie zagadek z bajki o Kubusiu Puchatku. Dzieci nie mia\u0142y problem\u00f3w z odgadni\u0119ciem postaci z bajki, kt\u00f3rej bohaterem jest mi\u015b o ma\u0142ym rozumku. Kiedy ju\u017c dosy\u0107 by\u0142o siedzenia, przyszed\u0142 czas na tegoroczny hit, czyli fotobudk\u0119, kt\u00f3ra wykona\u0142a dla na Pani Anna Kwiecie\u0144, za co serdecznie dzi\u0119kujemy. Nasi mali przyjaciele wygl\u0105dali uroczo jako s\u0142odkie misie. To jeszcze nie by\u0142 koniec atrakcji. Jak \u015bwi\u0119towa\u0107, to ta\u0144czy\u0107 w rytm misiowych przeboj\u00f3w i pokazywa\u0107 odpowiednie ruchy do tekstu piosenki. Na koniec szczypta rywalizacji przy uk\u0142adaniu puzzli i rozdanie pami\u0105tkowych medali, a dla naszych go\u015bci z przedszkola dodatkowym upominkiem by\u0142y zak\u0142adki do ksi\u0105\u017cki z wierszem \u201ePro\u015bba ksi\u0105\u017cki\u201d autorstwa Jana Huszcza. Wsp\u00f3lnie sp\u0119dzony czas by\u0142 r\u00f3wnie przyjemny jak przytulanie ulubionego misia.<\/td>\n<\/tr>\n<tr style=\"height: 263px;\">\n<td style=\"width: 588.217px; height: 263px; text-align: center;\"><img loading=\"lazy\" decoding=\"async\" class=\"alignnone wp-image-13997 \" src=\"http:\/\/www.sp1.imielin.pl\/wp-content\/uploads\/2022\/01\/pasowanie-na-czytelnika.jpg\" alt=\"pasowanie na czytelnika\" width=\"529\" height=\"375\" srcset=\"https:\/\/sp1.imielin.pl\/wp-content\/uploads\/2022\/01\/pasowanie-na-czytelnika.jpg 749w, https:\/\/sp1.imielin.pl\/wp-content\/uploads\/2022\/01\/pasowanie-na-czytelnika-300x212.jpg 300w\" sizes=\"auto, (max-width: 529px) 100vw, 529px\" \/><\/td>\n<td style=\"width: 570.783px; height: 263px; text-align: justify;\">Pasowanie na czytelnika to oficjalne przyj\u0119cie najm\u0142odszych uczni\u00f3w do grona czytelnik\u00f3w biblioteki szkolnej. Wtedy zaczyna si\u0119 niesamowita, czytelnicza przygoda dzieci, kt\u00f3re mog\u0105 ju\u017c same czyta\u0107. W dniu dzisiejszym na uroczystym pasowaniu klasy pierwsze go\u015bci\u0142y w szkolnej bibliotece. By\u0142 to dzie\u0144, na kt\u00f3ry uczniowie czekali z ut\u0119sknieniem. Za\u0142o\u017cenie karty bibliotecznej i pierwsze wypo\u017cyczanie ksi\u0105\u017cek da\u0142o dzieciom du\u017co rado\u015bci i powodu do dumy. Pierwszoklasi\u015bci otrzymali tak\u017ce pi\u0119kne zak\u0142adki, a ich rodzice &#8211; ksi\u0105\u017cki przygotowane przez Instytut Ksi\u0105\u017cki w ramach promocji czytelnictwa. Panie bibliotekarki zredagowa\u0142y z tej okazji specjalny list, dotycz\u0105cy roli czytania w \u017cyciu ma\u0142ego dziecka.<\/td>\n<\/tr>\n<tr style=\"height: 263px;\">\n<td style=\"width: 588.217px; height: 263px; text-align: center;\"><img loading=\"lazy\" decoding=\"async\" class=\"alignnone wp-image-13998 size-full\" src=\"http:\/\/www.sp1.imielin.pl\/wp-content\/uploads\/2022\/01\/dzie\u0144-ksi\u0105\u017cki-dla-dzieci.jpg\" alt=\"dzie\u0144 ksi\u0105\u017cki dla dzieci\" width=\"749\" height=\"530\" \/><\/td>\n<td style=\"width: 570.783px; height: 263px; text-align: justify;\">Bibliotek\u0119 szkoln\u0105 odwiedzi\u0142a zaprzyja\u017aniona grupa przedszkolna Skrzaty. Okazj\u0105 do tego mi\u0142ego spotkania by\u0142 Mi\u0119dzynarodowy Dzie\u0144 Ksi\u0105\u017cki dla Dzieci. Wst\u0119pem do zabawy by\u0142o zapoznanie si\u0119 z ksi\u0119gozbiorem naszej biblioteki, przeznaczonym dla najm\u0142odszych czytelnik\u00f3w. Przedszkolaki wykaza\u0142y si\u0119 du\u017c\u0105 znajomo\u015bci\u0105 klasycznych bajek, podczas odgadywania zagadek opisuj\u0105cych bohater\u00f3w literackich. Aby stworzy\u0107 ksi\u0105\u017ck\u0119 dla dzieci, trzeba najpierw wymy\u015bli\u0107 posta\u0107 i osadzi\u0107 j\u0105 w konkretnym miejscu i czasie. W\u0142a\u015bnie tak\u0105 swoj\u0105 bajk\u0119 tworzy\u0142y Skrzaty na podstawie wylosowanych karteczek. A oto wynik jednego z losowa\u0144: biedronka &#8211; w przedszkolu &#8211; przed snem &#x1f642;. Po tym trudnym zadaniu rozwijaj\u0105cym kreatywno\u015b\u0107, przysz\u0142a pora na po\u0142\u0105czenie w pary obrazk\u00f3w postaci z bajek z ich atrybutami. Nagrod\u0105 za wspania\u0142\u0105 wsp\u00f3\u0142prac\u0119 by\u0142a gra &#8222;Bajkowe Memory&#8221;. Ju\u017c jeste\u015bmy um\u00f3wieni na jej doko\u0144czenie podczas kolejnej wizyty &#x1f642; Na zako\u0144czenie go\u015bcie zostali obdarowani r\u00f3\u017cnymi grami edukacyjnymi do samodzielnego wykonania, aby mogli nas wspomina\u0107 w p\u00f3\u017aniejszym czasie, podczas ich rozwi\u0105zywania w przedszkolu lub w domu.<\/td>\n<\/tr>\n<\/tbody>\n<\/table>\n<p>&nbsp;<\/p>\n<p>&nbsp;<\/p>\n<p>&nbsp;<\/p>\n<p>&nbsp;<\/p>\n","protected":false},"excerpt":{"rendered":"<p>KLIKNIJ W OBRAZEK PONI\u017bEJ Projekty klasowe \u00a0 KLIKNIJ W OBRAZEK PONI\u017bEJ W ramach Narodowego Programu Rozwoju Czytelnictwa 2.0 realizujemy Wyzwanie Czytelnicze polegaj\u0105ce na nominowaniu do udzia\u0142u w projekcie og\u00f3lnoszkolnym. Osoba nominowana ma za zadanie: &#8211; nagranie w ci\u0105gu 2 tygodni filmiku (max 3 minuty) reklamy, zach\u0119ty do przeczytania ksi\u0105\u017cki wybranej z ksi\u0119gozbioru biblioteki szkolnej, &#8211; [&hellip;]<\/p>\n","protected":false},"author":2,"featured_media":0,"parent":12964,"menu_order":0,"comment_status":"closed","ping_status":"closed","template":"","meta":{"_uag_custom_page_level_css":"","footnotes":""},"class_list":["post-13335","page","type-page","status-publish","hentry"],"uagb_featured_image_src":{"full":false,"thumbnail":false,"medium":false,"medium_large":false,"large":false,"1536x1536":false,"2048x2048":false,"gurukul-education-featured-image":false,"gurukul-education-thumbnail-avatar":false},"uagb_author_info":{"display_name":"Maria Habryka","author_link":"https:\/\/sp1.imielin.pl\/index.php\/author\/maria\/"},"uagb_comment_info":0,"uagb_excerpt":"KLIKNIJ W OBRAZEK PONI\u017bEJ Projekty klasowe \u00a0 KLIKNIJ W OBRAZEK PONI\u017bEJ W ramach Narodowego Programu Rozwoju Czytelnictwa 2.0 realizujemy Wyzwanie Czytelnicze polegaj\u0105ce na nominowaniu do udzia\u0142u w projekcie og\u00f3lnoszkolnym. Osoba nominowana ma za zadanie: &#8211; nagranie w ci\u0105gu 2 tygodni filmiku (max 3 minuty) reklamy, zach\u0119ty do przeczytania ksi\u0105\u017cki wybranej z ksi\u0119gozbioru biblioteki szkolnej, &#8211;&hellip;","_links":{"self":[{"href":"https:\/\/sp1.imielin.pl\/index.php\/wp-json\/wp\/v2\/pages\/13335","targetHints":{"allow":["GET"]}}],"collection":[{"href":"https:\/\/sp1.imielin.pl\/index.php\/wp-json\/wp\/v2\/pages"}],"about":[{"href":"https:\/\/sp1.imielin.pl\/index.php\/wp-json\/wp\/v2\/types\/page"}],"author":[{"embeddable":true,"href":"https:\/\/sp1.imielin.pl\/index.php\/wp-json\/wp\/v2\/users\/2"}],"replies":[{"embeddable":true,"href":"https:\/\/sp1.imielin.pl\/index.php\/wp-json\/wp\/v2\/comments?post=13335"}],"version-history":[{"count":0,"href":"https:\/\/sp1.imielin.pl\/index.php\/wp-json\/wp\/v2\/pages\/13335\/revisions"}],"up":[{"embeddable":true,"href":"https:\/\/sp1.imielin.pl\/index.php\/wp-json\/wp\/v2\/pages\/12964"}],"wp:attachment":[{"href":"https:\/\/sp1.imielin.pl\/index.php\/wp-json\/wp\/v2\/media?parent=13335"}],"curies":[{"name":"wp","href":"https:\/\/api.w.org\/{rel}","templated":true}]}}

<table style="width: 1157px;">
<tbody>
<tr style="height: 263px;">
<td style="width: 588.217px; height: 263px; text-align: center;">KLIKNIJ W OBRAZEK PONIŻEJ<a href=" http://www.sp1.imielin.pl/o-szkole/narodowy-program-rozwoju-czytelnictwa/wyzwanie-czytelnicze/opisy-projektow"><img loading="lazy" decoding="async" class="alignnone wp-image-13384" src="http://www.sp1.imielin.pl/wp-content/uploads/2022/01/projekty-klasowe-2.jpg" alt="projekty klasowe" width="573" height="405" srcset="https://sp1.imielin.pl/wp-content/uploads/2022/01/projekty-klasowe-2.jpg 600w, https://sp1.imielin.pl/wp-content/uploads/2022/01/projekty-klasowe-2-300x212.jpg 300w" sizes="auto, (max-width: 573px) 100vw, 573px" /></a></td>
<td style="width: 570.783px; height: 263px; text-align: justify;">Projekty klasowe</td>
</tr>
<tr style="height: 234.117px;">
<td style="width: 588.217px; height: 234.117px; text-align: center;">  KLIKNIJ W OBRAZEK PONIŻEJ<a href=" http://www.sp1.imielin.pl/o-szkole/narodowy-program-rozwoju-czytelnictwa/wyzwanie-czytelnicze/wyzwanie-czytelnicze-filmy/"><img loading="lazy" decoding="async" class="aligncenter wp-image-13338 " src="http://www.sp1.imielin.pl/wp-content/uploads/2022/01/SZKOLNE-WYZWANIE-CZYTELNICZEgggggg-1.jpg" alt="SZKOLNE WYZWANIE CZYTELNICZEgggggg" width="545" height="386" srcset="https://sp1.imielin.pl/wp-content/uploads/2022/01/SZKOLNE-WYZWANIE-CZYTELNICZEgggggg-1.jpg 749w, https://sp1.imielin.pl/wp-content/uploads/2022/01/SZKOLNE-WYZWANIE-CZYTELNICZEgggggg-1-300x212.jpg 300w" sizes="auto, (max-width: 545px) 100vw, 545px" /></a></td>
<td style="width: 570.783px; height: 234.117px; text-align: justify;">W ramach Narodowego Programu Rozwoju Czytelnictwa 2.0 realizujemy Wyzwanie Czytelnicze polegające na nominowaniu do udziału w projekcie ogólnoszkolnym.<br />
Osoba nominowana ma za zadanie:<br />
&#8211; nagranie w ciągu 2 tygodni filmiku (max 3 minuty) reklamy, zachęty do przeczytania książki wybranej z księgozbioru biblioteki szkolnej,<br />
&#8211; wysłanie filmu na adres &#8211; maria.habryka@sp1.imielin.pl,<br />
&#8211; nominowanie  1 osoby (to może być uczeń lub nauczyciel)- nazwisko nominowanego też należy przesłać na adres p. Habryki &#8211; osoba może być nominowana tylko jeden raz, -osoba wybrana otrzyma informację o swojej nominacji na dzienniku elektronicznym.<br />
Film zostanie umieszczony na stronie internetowej szkoły w zakładce NPRC<br />
Życzymy dobrej zabawy </td>
</tr>
<tr style="height: 263px;">
<td style="width: 588.217px; height: 263px; text-align: center;"><img loading="lazy" decoding="async" class="alignnone wp-image-13996 size-full" src="http://www.sp1.imielin.pl/wp-content/uploads/2022/01/dzień-pluszowego-misia.jpg" alt="dzień pluszowego misia" width="749" height="530" /></td>
<td style="width: 570.783px; height: 263px; text-align: justify;">25 listopada przypada Dzień Pluszowego Misia. Jako, że spotkania z misiami to sama przyjemność, nie ograniczyliśmy się do jednego dnia, tylko świętowaliśmy cały tydzień wraz z uczniami klas I &#8211; III i przedszkolakami z grupy Skrzaty. Miejscem spotkań była biblioteka szkolna, więc na początek nasi gości wysłuchali wierszy i opowiadania ze szkolnego księgozbioru. Czytającymi były ich starsze koleżanki z klas VII. Po lekturze przyszedł czas na rozwiązywanie zagadek z bajki o Kubusiu Puchatku. Dzieci nie miały problemów z odgadnięciem postaci z bajki, której bohaterem jest miś o małym rozumku. Kiedy już dosyć było siedzenia, przyszedł czas na tegoroczny hit, czyli fotobudkę, która wykonała dla na Pani Anna Kwiecień, za co serdecznie dziękujemy. Nasi mali przyjaciele wyglądali uroczo jako słodkie misie. To jeszcze nie był koniec atrakcji. Jak świętować, to tańczyć w rytm misiowych przebojów i pokazywać odpowiednie ruchy do tekstu piosenki. Na koniec szczypta rywalizacji przy układaniu puzzli i rozdanie pamiątkowych medali, a dla naszych gości z przedszkola dodatkowym upominkiem były zakładki do książki z wierszem „Prośba książki” autorstwa Jana Huszcza. Wspólnie spędzony czas był równie przyjemny jak przytulanie ulubionego misia.</td>
</tr>
<tr style="height: 263px;">
<td style="width: 588.217px; height: 263px; text-align: center;"><img loading="lazy" decoding="async" class="alignnone wp-image-13997 " src="http://www.sp1.imielin.pl/wp-content/uploads/2022/01/pasowanie-na-czytelnika.jpg" alt="pasowanie na czytelnika" width="529" height="375" srcset="https://sp1.imielin.pl/wp-content/uploads/2022/01/pasowanie-na-czytelnika.jpg 749w, https://sp1.imielin.pl/wp-content/uploads/2022/01/pasowanie-na-czytelnika-300x212.jpg 300w" sizes="auto, (max-width: 529px) 100vw, 529px" /></td>
<td style="width: 570.783px; height: 263px; text-align: justify;">Pasowanie na czytelnika to oficjalne przyjęcie najmłodszych uczniów do grona czytelników biblioteki szkolnej. Wtedy zaczyna się niesamowita, czytelnicza przygoda dzieci, które mogą już same czytać. W dniu dzisiejszym na uroczystym pasowaniu klasy pierwsze gościły w szkolnej bibliotece. Był to dzień, na który uczniowie czekali z utęsknieniem. Założenie karty bibliotecznej i pierwsze wypożyczanie książek dało dzieciom dużo radości i powodu do dumy. Pierwszoklasiści otrzymali także piękne zakładki, a ich rodzice &#8211; książki przygotowane przez Instytut Książki w ramach promocji czytelnictwa. Panie bibliotekarki zredagowały z tej okazji specjalny list, dotyczący roli czytania w życiu małego dziecka.</td>
</tr>
<tr style="height: 263px;">
<td style="width: 588.217px; height: 263px; text-align: center;"><img loading="lazy" decoding="async" class="alignnone wp-image-13998 size-full" src="http://www.sp1.imielin.pl/wp-content/uploads/2022/01/dzień-książki-dla-dzieci.jpg" alt="dzień książki dla dzieci" width="749" height="530" /></td>
<td style="width: 570.783px; height: 263px; text-align: justify;">Bibliotekę szkolną odwiedziła zaprzyjaźniona grupa przedszkolna Skrzaty. Okazją do tego miłego spotkania był Międzynarodowy Dzień Książki dla Dzieci. Wstępem do zabawy było zapoznanie się z księgozbiorem naszej biblioteki, przeznaczonym dla najmłodszych czytelników. Przedszkolaki wykazały się dużą znajomością klasycznych bajek, podczas odgadywania zagadek opisujących bohaterów literackich. Aby stworzyć książkę dla dzieci, trzeba najpierw wymyślić postać i osadzić ją w konkretnym miejscu i czasie. Właśnie taką swoją bajkę tworzyły Skrzaty na podstawie wylosowanych karteczek. A oto wynik jednego z losowań: biedronka &#8211; w przedszkolu &#8211; przed snem &#x1f642;. Po tym trudnym zadaniu rozwijającym kreatywność, przyszła pora na połączenie w pary obrazków postaci z bajek z ich atrybutami. Nagrodą za wspaniałą współpracę była gra &#8222;Bajkowe Memory&#8221;. Już jesteśmy umówieni na jej dokończenie podczas kolejnej wizyty &#x1f642; Na zakończenie goście zostali obdarowani różnymi grami edukacyjnymi do samodzielnego wykonania, aby mogli nas wspominać w późniejszym czasie, podczas ich rozwiązywania w przedszkolu lub w domu.</td>
</tr>
</tbody>
</table>
<p>&nbsp;</p>
<p>&nbsp;</p>
<p>&nbsp;</p>
<p>&nbsp;</p>

<p>KLIKNIJ W OBRAZEK PONIŻEJ Projekty klasowe   KLIKNIJ W OBRAZEK PONIŻEJ W ramach Narodowego Programu Rozwoju Czytelnictwa 2.0 realizujemy Wyzwanie Czytelnicze polegające na nominowaniu do udziału w projekcie ogólnoszkolnym. Osoba nominowana ma za zadanie: &#8211; nagranie w ciągu 2 tygodni filmiku (max 3 minuty) reklamy, zachęty do przeczytania książki wybranej z księgozbioru biblioteki szkolnej, &#8211; [&hellip;]</p>

KLIKNIJ W OBRAZEK PONIŻEJ Projekty klasowe   KLIKNIJ W OBRAZEK PONIŻEJ W ramach Narodowego Programu Rozwoju Czytelnictwa 2.0 realizujemy Wyzwanie Czytelnicze polegające na nominowaniu do udziału w projekcie ogólnoszkolnym. Osoba nominowana ma za zadanie: &#8211; nagranie w ciągu 2 tygodni filmiku (max 3 minuty) reklamy, zachęty do przeczytania książki wybranej z księgozbioru biblioteki szkolnej, &#8211;&hellip;
