{"id":23366,"date":"2015-11-20T14:28:47","date_gmt":"2015-11-20T13:28:47","guid":{"rendered":"http:\/\/www.gimnazjumimielin.eu\/?page_id=4156"},"modified":"2025-08-31T19:38:06","modified_gmt":"2025-08-31T17:38:06","slug":"biblioteka-szkolna","status":"publish","type":"page","link":"https:\/\/sp1.imielin.pl\/index.php\/biblioteka-szkolna\/","title":{"rendered":"Biblioteka szkolna"},"content":{"rendered":"<p style=\"text-align: center;\">BIBLIOTEKA SZKOLNA JEST OTWARTA W NAST\u0118PUJ\u0104CYCH GODZINACH:<\/p>\n<p style=\"text-align: center;\">poniedzia\u0142ek 08.30 &#8211; 12.00<br \/>\nwtorek 08.30 &#8211; 10.30<br \/>\n\u015broda 10.30 &#8211; 16.00<br \/>\nczwartek 08.00 &#8211; 14.00<br \/>\npi\u0105tek zamkni\u0119te<\/p>\n<p style=\"text-align: center;\"><a href=\"http:\/\/www.sp1.imielin.pl\/wp-content\/uploads\/2015\/11\/REGULAMIN-BIBLIOTEKI-szkolnej.pdf\">REGULAMIN BIBLIOTEKI SZKOLNEJ<\/a><\/p>\n<p style=\"text-align: center;\"><a href=\"http:\/\/www.sp1.imielin.pl\/wp-content\/uploads\/2021\/11\/lista.pdf\">LISTA ZAKUPIONYCH KSI\u0104\u017bEK W RAMACH NARODOWEGO PROGRAMU ROZWOJU CZYTELNICTWA &#8211; CZ\u0118\u015a\u0106 I<\/a><\/p>\n<p style=\"text-align: center;\"><a href=\"http:\/\/www.sp1.imielin.pl\/wp-content\/uploads\/2021\/11\/LISTA.2.pdf\">LISTA ZAKUPIONYCH KSI\u0104\u017bEK W RAMACH NARODOWEGO PROGRAMU ROZWOJU CZYTELNICTWA &#8211; CZ\u0118\u015a\u0106 II<\/a><\/p>\n<h3 style=\"text-align: center;\"><span style=\"text-decoration: underline;\"><strong>Serie ksi\u0105\u017cek<\/strong><\/span><\/h3>\n<p style=\"text-align: left;\">Bajki baletowe \u201eKt\u00f3rego\u015b dnia mama, tata, albo mo\u017ce babcia powie: Dzi\u015b p\u00f3jdziemy obejrze\u0107 balet. Nie wiesz, czy masz si\u0119 cieszy\u0107, bo nie wiesz, co oznacza s\u0142owo balet. (&#8230;) Uciesz\u0119 ci\u0119 \u2013 wyprawa w \u015bwiat baletu mo\u017ce by\u0107 tak samo ciekawa, barwna i weso\u0142a. Trzeba tylko wiedzie\u0107, na co patrze\u0107, jak s\u0142ucha\u0107 i rozumie\u0107, aby z przedstawienia baletowego mie\u0107 jak najwi\u0119cej rado\u015bci. Katarzyna K. Gardzina, fragment tekstu O Jeziorze \u0142ab\u0119dzim Piotra Czajkowskiego z ksi\u0105\u017cki p.t. Jezioro \u0142ab\u0119dzie, Studio Blok, Warszawa 2011. Bajki Baletowe to seria ksi\u0105\u017cek (\u2026), kt\u00f3ra w ciekawy i przyst\u0119pny spos\u00f3b wprowadza (\u2026) w \u015bwiat baletu.<br \/>\n<a href=\"http:\/\/www.studioblok.eu\/bb\/\">http:\/\/www.studioblok.eu\/bb\/<\/a><\/p>\n<p><img loading=\"lazy\" decoding=\"async\" class=\"size-medium wp-image-13083 aligncenter\" src=\"http:\/\/www.sp1.imielin.pl\/wp-content\/uploads\/2015\/11\/BALETOWE-1-169x300.jpg\" alt=\"dav\" width=\"169\" height=\"300\" srcset=\"https:\/\/sp1.imielin.pl\/wp-content\/uploads\/2015\/11\/BALETOWE-1-169x300.jpg 169w, https:\/\/sp1.imielin.pl\/wp-content\/uploads\/2015\/11\/BALETOWE-1.jpg 288w\" sizes=\"auto, (max-width: 169px) 100vw, 169px\" \/><\/p>\n<p>Baletnice &#8211; seria G\u0142\u00f3wnymi bohaterkami s\u0105: Maya, Zoya oraz Constance to trzy przyjaci\u00f3\u0142ki, kt\u00f3re mieszkaj\u0105 razem w internacie i ucz\u0119szczaj\u0105 do szko\u0142y baletowej w Pary\u017cu. Ka\u017cda z nich jest inna, ale wszystkie maj\u0105 to samo marzenie: zosta\u0107 najlepsz\u0105 baletnic\u0105 i ta\u0144czy\u0107 na scenie jak ksi\u0119\u017cniczka. Mimo r\u00f3\u017cnic \u015bwietnie si\u0119 dogaduj\u0105. W cz\u0119\u015bci pierwszej \u201ePrzyjaci\u00f3\u0142ki i rywalki\u201d dyrektorka szko\u0142y og\u0142asza konkurs, w kt\u00f3rym wygraj\u0105 dwie najzdolniejsze uczennice i b\u0119d\u0105 mia\u0142y szanse zata\u0144czy\u0107 w przedstawieniu razem ze s\u0142ynn\u0105 primabalerin\u0105. Czy d\u0105\u017cenie do cel\u00f3w por\u00f3\u017cni nasze trzy przyjaci\u00f3\u0142ki? Czy przyja\u017a\u0144 zwyci\u0119\u017cy? &#8222;\u2026. to pi\u0119kna historia, kt\u00f3ra nie skupia si\u0119 tylko na ta\u0144cu. Opowiada o przyja\u017ani, pi\u0119knej relacji trzech dziewczynek, kt\u00f3re s\u0105 r\u00f3\u017cne. Opowie\u015b\u0107 o balecie, ale i z przes\u0142aniem.\u201d<br \/>\n<a href=\"https:\/\/lubimyczytac.pl\/ksiazka\/4937857\/baletnice-przyjaciolki-i-rywalki\">https:\/\/lubimyczytac.pl\/ksiazka\/4937857\/baletnice-przyjaciolki-i-rywalki<\/a><\/p>\n<p><img loading=\"lazy\" decoding=\"async\" class=\"size-medium wp-image-13084 aligncenter\" src=\"http:\/\/www.sp1.imielin.pl\/wp-content\/uploads\/2015\/11\/BALETNICE-300x169.jpg\" alt=\"dav\" width=\"300\" height=\"169\" srcset=\"https:\/\/sp1.imielin.pl\/wp-content\/uploads\/2015\/11\/BALETNICE-300x169.jpg 300w, https:\/\/sp1.imielin.pl\/wp-content\/uploads\/2015\/11\/BALETNICE-768x432.jpg 768w, https:\/\/sp1.imielin.pl\/wp-content\/uploads\/2015\/11\/BALETNICE.jpg 820w\" sizes=\"auto, (max-width: 300px) 100vw, 300px\" \/><\/p>\n<p style=\"text-align: left;\">Seria- By\u0142 sobie szczeniak &#8211; W. Bruce\u2019a Camerona Seria, kt\u00f3rej bohaterami s\u0105 trzy psy o wyj\u0105tkowych zdolno\u015bciach i osobowo\u015bci: Ellie, Molly i Bailey. Zabawne przygody. Wartka akcja. Nie brakuje tutaj tak\u017ce w\u0105tk\u00f3w o najwa\u017cniejszych warto\u015bciach w \u017cyciu. Dzi\u0119ki ksi\u0105\u017ckom dowiemy si\u0119, czym jest prawdziwa przyja\u017a\u0144, bezwarunkowa mi\u0142o\u015b\u0107 i oddanie, lojalno\u015b\u0107. Mo\u017ce niekt\u00f3rzy z nas zupe\u0142nie inaczej spojrz\u0105 na swoich czworono\u017cnych przyjaci\u00f3\u0142? \u201eBy\u0142 sobie szczeniak. Molly\u201d \u201e\u2026 Molly ma do wype\u0142nienia wyj\u0105tkowo wa\u017cn\u0105 misj\u0119. Ma\u0142a dziewczynka, C.J., marzy o posiadaniu pieska, dok\u0142adnie takiego jak Molly. Niestety mama dziewczynki, kt\u00f3ra po\u015bwi\u0119ca swojemu dziecku bardzo ma\u0142o czasu, nie zdaje sobie sprawy z tego, jak bardzo jej c\u00f3rka potrzebuje przyjaciela, i nie zgadza si\u0119 na obecno\u015b\u0107 szczeniaka w domu. Molly musi wi\u0119c zaopiekowa\u0107 si\u0119 C.J. w absolutnej tajemnicy i ukryciu, dotrzymuj\u0105c dziewczynce towarzystwa, zw\u0142aszcza w trudnych chwilach. Suczka zrobi wszystko, by nie odst\u0105pi\u0107 dziecka na krok. Czy uda jej si\u0119 przekona\u0107 mam\u0119 C.J. by zmieni\u0142a zdanie i r\u00f3wnie\u017c zosta\u0142a opiekunk\u0105 Molly?\u201d<br \/>\n<a href=\"https:\/\/www.taniaksiazka.pl\/byl-sobie-szczeniak-molly-w-bruce-cameron-p-1349803.html\">https:\/\/www.taniaksiazka.pl\/byl-sobie-szczeniak-molly-w-bruce-cameron-p-1349803.html<\/a><\/p>\n<p><img loading=\"lazy\" decoding=\"async\" class=\"aligncenter wp-image-13086 size-medium\" src=\"https:\/\/sp1.imielin.pl\/wp-content\/uploads\/2015\/11\/BYA_-SOBIE-SZCZENIAK-1-300x169.jpg\" alt=\"dav\" width=\"300\" height=\"169\" srcset=\"https:\/\/sp1.imielin.pl\/wp-content\/uploads\/2015\/11\/BYA_-SOBIE-SZCZENIAK-1-300x169.jpg 300w, https:\/\/sp1.imielin.pl\/wp-content\/uploads\/2015\/11\/BYA_-SOBIE-SZCZENIAK-1-768x432.jpg 768w, https:\/\/sp1.imielin.pl\/wp-content\/uploads\/2015\/11\/BYA_-SOBIE-SZCZENIAK-1.jpg 820w\" sizes=\"auto, (max-width: 300px) 100vw, 300px\" \/><\/p>\n<p>Legendy arturia\u0144skie Legendy arturia\u0144skie&#8221; to seria ksi\u0105\u017cek dla wszystkich lubi\u0105cych rycerzy, magi\u0119 i kr\u00f3la Artura. Ksi\u0105\u017ceczki nie s\u0105 grube. Dodatkowo du\u017ca czcionka u\u0142atwia czytania. W opisach znalaz\u0142am okre\u015blenie \u201eSeria idealna dla ch\u0142opc\u00f3w \u201e ??? Czy na pewno tylko dla ch\u0142opc\u00f3w???<\/p>\n<p><a href=\"http:\/\/www.sp1.imielin.pl\/wp-content\/uploads\/2015\/11\/LEGENDY.jpg\" target=\"_blank\" rel=\"noopener\"><img loading=\"lazy\" decoding=\"async\" class=\"aligncenter wp-image-13087 size-medium\" src=\"https:\/\/sp1.imielin.pl\/wp-content\/uploads\/2015\/11\/LEGENDY-169x300.jpg\" alt=\"dav\" width=\"169\" height=\"300\" srcset=\"https:\/\/sp1.imielin.pl\/wp-content\/uploads\/2015\/11\/LEGENDY-169x300.jpg 169w, https:\/\/sp1.imielin.pl\/wp-content\/uploads\/2015\/11\/LEGENDY.jpg 369w\" sizes=\"auto, (max-width: 169px) 100vw, 169px\" \/><\/a><\/p>\n<p>Minecraft. Kroniki Woodsword Seria sze\u015bciu opowiada\u0144 na licencji Minecrafta. W \u015bwiecie gry T. 1 \u201eCzw\u00f3rka uczni\u00f3w ze szko\u0142y Woodsword Middle zostaje poproszona przez jednego z nauczycieli o przetestowanie na Minecrafcie specjalnych, ulepszonych gogli do gry w wirtualnej rzeczywisto\u015bci. Kto by nie chcia\u0142 gra\u0107 w Minecrafta we w\u0142asnej szkole! Gracze s\u0105 wytrawni, lecz gdy okazuje si\u0119, \u017ce nowe gogle przenosz\u0105 wprost do \u015bwiata gry, zaczyna si\u0119 walka o przetrwanie\u2026 \u201e<br \/>\n<a href=\"https:\/\/www.biblionetka.pl\/book.aspx?id=544902\">https:\/\/www.biblionetka.pl\/book.aspx?id=544902<\/a><\/p>\n<p><a href=\"http:\/\/www.sp1.imielin.pl\/wp-content\/uploads\/2015\/11\/MINECRAFT.kroniki.jpg\" target=\"_blank\" rel=\"noopener\"><img loading=\"lazy\" decoding=\"async\" class=\"aligncenter wp-image-13088 size-medium\" src=\"https:\/\/sp1.imielin.pl\/wp-content\/uploads\/2015\/11\/MINECRAFT.kroniki-169x300.jpg\" alt=\"dav\" width=\"169\" height=\"300\" srcset=\"https:\/\/sp1.imielin.pl\/wp-content\/uploads\/2015\/11\/MINECRAFT.kroniki-169x300.jpg 169w, https:\/\/sp1.imielin.pl\/wp-content\/uploads\/2015\/11\/MINECRAFT.kroniki.jpg 360w\" sizes=\"auto, (max-width: 169px) 100vw, 169px\" \/><\/a><\/p>\n<p style=\"text-align: left;\">Pom\u00f3\u017c mi przetrwa\u0107 To seria ksi\u0105\u017cek dla dzieci, kt\u00f3re chc\u0105 m\u0105drze wspiera\u0107 przyrod\u0119. Kt\u00f3re chc\u0105 wiedzie\u0107, co si\u0119 powinno robi\u0107, a czego absolutnie nie. Na przyk\u0142ad w pierwszej z ksi\u0105\u017cek &#8211; Elwirka na \u015anie\u017cnej Pustyni, poznamy pingwini\u0105 rodzink\u0119. Zobaczymy, jak si\u0119 wykluwa malutka Elwirka, kt\u00f3r\u0105 opiekuj\u0105 si\u0119 na zmian\u0119 raz mama, a raz tata &#8211; bo jeden rodzic musi szuka\u0107 po\u017cywienia&#8230; Zobaczymy, jakie niebezpiecze\u0144stwa czyhaj\u0105 na pingwiny, nawet na takie male\u0144kie. Je\u017celi co\u015b si\u0119 stanie pingwiniej mamie i nie wr\u00f3ci na czas, gdy wykluje si\u0119 maluszek, nie ma on szans na prze\u017cycie&#8230; Czasami gro\u017ane s\u0105 dla niego r\u00f3wnie\u017c inne pingwiny. Ka\u017cda z ksi\u0105\u017cek serii zapoznaje nas z warunkami \u017cycia innego zwierz\u0119cia, kt\u00f3re w obecnych czasach mo\u017ce by\u0107 zagro\u017cone. Na ko\u0144cu ka\u017cdej ksi\u0105\u017ceczki znajdziecie plansz\u0119 z informacjami i ciekawostkami dotycz\u0105cymi przedstawionego w niej bohatera.<br \/>\n<a href=\"http:\/\/www.dzieciaki-testuja.pl\/2020\/08\/pomoz-mi-przetrwac-nowa-seria-akademii.html\">http:\/\/www.dzieciaki-testuja.pl\/2020\/08\/pomoz-mi-przetrwac-nowa-seria-akademii.html<\/a><\/p>\n<p><a href=\"http:\/\/www.sp1.imielin.pl\/wp-content\/uploads\/2015\/11\/POM\u00d3\u017b-MI-PRZETRWA\u0106.jpg\" target=\"_blank\" rel=\"noopener\"><img loading=\"lazy\" decoding=\"async\" class=\"aligncenter wp-image-13089 size-medium\" src=\"https:\/\/sp1.imielin.pl\/wp-content\/uploads\/2015\/11\/poma_a-mi-przetrwaa_-169x300.jpg\" alt=\"dav\" width=\"169\" height=\"300\" srcset=\"https:\/\/sp1.imielin.pl\/wp-content\/uploads\/2015\/11\/poma_a-mi-przetrwaa_-169x300.jpg 169w, https:\/\/sp1.imielin.pl\/wp-content\/uploads\/2015\/11\/poma_a-mi-przetrwaa_.jpg 360w\" sizes=\"auto, (max-width: 169px) 100vw, 169px\" \/><\/a><\/p>\n<p style=\"text-align: left;\">Seria Liz Pichon o Tomku \u0141ebskim G\u0142\u00f3wny bohater prze\u017cywa ciekawe przygody. Najcz\u0119\u015bciej dziej\u0105 si\u0119 one w szkole, cho\u0107 nie tylko. takie proste. Pojawiaj\u0105 si\u0119 k\u0142opoty z biletami. Tomek lubi te\u017c dokucza\u0107 swojej starszej siostrze Dance. Tomek ma te\u017c koleg\u0119 Marka, kt\u00f3rego nie lubi i cz\u0119sto czyni go bohaterem swoich zabawnych rysunk\u00f3w. Bo trzeba wiedzie\u0107, \u017ce Tomek \u0141ebski anio\u0142kiem nie jest. Grzeczny potrafi by\u0107, kiedy czego\u015b pragnie, na przyk\u0142ad pr\u00f3buje wyprosi\u0107 u rodzic\u00f3w bilety na koncert. Ksi\u0105\u017cka bardzo zabawna. Dla ludzi z poczuciem humoru. Jednak nie jest polecana , \u201eje\u017celi jeste\u015b: 1. Moj\u0105 marudn\u0105 siostr\u0105 Dank\u0105. 2. Markiem Meldunkowym (kt\u00f3ry jest \u0142osiem). 3. Pani\u0105 W\u0105chowsk\u0105, kt\u00f3ra ma w\u0105sy\u201d. ( zapis z ok\u0142adki)<br \/>\n<a href=\"https:\/\/www.biblionetka.pl\/art.aspx?id=680158\">https:\/\/www.biblionetka.pl\/art.aspx?id=680158 <\/a><br \/>\nKilka cz\u0119\u015bci z tej serii mamy w bibliotece. Na kolejne czekali\u015bcie \u017bycz\u0119 mi\u0142ej lektury.<\/p>\n<p><a href=\"http:\/\/www.sp1.imielin.pl\/wp-content\/uploads\/2015\/11\/TOMEK-\u0141EBSKI.jpg\" target=\"_blank\" rel=\"noopener\"><img loading=\"lazy\" decoding=\"async\" class=\"aligncenter wp-image-13090 size-medium\" src=\"https:\/\/sp1.imielin.pl\/wp-content\/uploads\/2015\/11\/TOMEK-A_EBSKI-169x300.jpg\" alt=\"dav\" width=\"169\" height=\"300\" srcset=\"https:\/\/sp1.imielin.pl\/wp-content\/uploads\/2015\/11\/TOMEK-A_EBSKI-169x300.jpg 169w, https:\/\/sp1.imielin.pl\/wp-content\/uploads\/2015\/11\/TOMEK-A_EBSKI.jpg 360w\" sizes=\"auto, (max-width: 169px) 100vw, 169px\" \/><\/a><\/p>\n<p style=\"text-align: left;\">Zosta\u0144 mistrzem Ale jak? Co jest najwa\u017cniejsze? Jak wielcy pi\u0142karze dochodzili do swojej formy. Jak osi\u0105gn\u0119li mistrzostwo w swojej specjalizacji. Co sprawi\u0142o, \u017ce zostali mistrzami? O tym wszystkim w ksi\u0105\u017ckach z serii Zosta\u0144 mistrzem.<\/p>\n<p style=\"text-align: left;\"><a href=\"http:\/\/www.sp1.imielin.pl\/wp-content\/uploads\/2015\/11\/ZOSTA\u0143-MISTRZEM.jpg\" target=\"_blank\" rel=\"noopener\"><img loading=\"lazy\" decoding=\"async\" class=\"aligncenter wp-image-13091 size-medium\" src=\"https:\/\/sp1.imielin.pl\/wp-content\/uploads\/2015\/11\/ZOSTAA_-MISTRZEM-300x169.jpg\" alt=\"dav\" width=\"300\" height=\"169\" srcset=\"https:\/\/sp1.imielin.pl\/wp-content\/uploads\/2015\/11\/ZOSTAA_-MISTRZEM-300x169.jpg 300w, https:\/\/sp1.imielin.pl\/wp-content\/uploads\/2015\/11\/ZOSTAA_-MISTRZEM.jpg 640w\" sizes=\"auto, (max-width: 300px) 100vw, 300px\" \/><\/a><\/p>\n<p style=\"text-align: left;\">#SUPERHEROSI Z\u0142ota Pi\u0142ka 2021 ju\u017c za nami. Znamy wyniki. Jedni czuj\u0105 niedosyt. S\u0105 tacy, kt\u00f3rzy s\u0105 zawiedzeni. Inni s\u0105 usatysfakcjonowani. Ale to tylko nagroda, kt\u00f3r\u0105 dostaj\u0105 konkretni ludzie. Tytani pracy. \u015awietni sportowcy. O nich w\u0142a\u015bnie przeczytacie w ksi\u0105\u017ckach: \u201eLewy. Ch\u0142opak, kt\u00f3ry zachwyci\u0142 \u015bwiat\u201d i \u201eMessi. Ch\u0142opiec, kt\u00f3ry sta\u0142 si\u0119 pi\u0142karsk\u0105 legend\u0105\u201d<\/p>\n<p><a href=\"http:\/\/www.sp1.imielin.pl\/wp-content\/uploads\/2015\/11\/LEWY_MESSI.jpg\" target=\"_blank\" rel=\"noopener\"><img loading=\"lazy\" decoding=\"async\" class=\"aligncenter wp-image-13092 size-medium\" src=\"https:\/\/sp1.imielin.pl\/wp-content\/uploads\/2015\/11\/LEWY_MESSI-300x169.jpg\" alt=\"dav\" width=\"300\" height=\"169\" srcset=\"https:\/\/sp1.imielin.pl\/wp-content\/uploads\/2015\/11\/LEWY_MESSI-300x169.jpg 300w, https:\/\/sp1.imielin.pl\/wp-content\/uploads\/2015\/11\/LEWY_MESSI-768x432.jpg 768w, https:\/\/sp1.imielin.pl\/wp-content\/uploads\/2015\/11\/LEWY_MESSI.jpg 820w\" sizes=\"auto, (max-width: 300px) 100vw, 300px\" \/><\/a><\/p>\n<p style=\"text-align: left;\">\u201ePocz\u0105tek roku szkolnego. Elina razem z kole\u017cankami ze szko\u0142y zaczyna tak\u017ce nauk\u0119 jazdy konnej w szk\u00f3\u0142ce je\u017adzieckiej \u201ePSIKUS\u201d. Pod okiem instruktorki Ingeli dziewczynki poznaj\u0105 tajniki je\u017adziectwa. Wszystkie konie s\u0105 urocze, ale serce Eliny podbija Sigge. Elina chce je\u017adzi\u0107 tylko na nim! Nie wszystkim kole\u017cankom to si\u0119 podoba\u2026 Jednak kiedy Sigge rani kopyto i trafia do szpitala, dziewczynki wsp\u00f3lnie zrobi\u0105 wszystko, aby pom\u00f3c mu doj\u015b\u0107 do zdrowia. Seria o przygodach Sigge sta\u0142a si\u0119 bestsellerem nie tylko w Szwecji. Jej autorka Lin Hallberg mieszka w ma\u0142ym szwedzkim gospodarstwie, gdzie hoduje kuce szetlandzkie. Zanim zacz\u0119\u0142a pisa\u0107 ksi\u0105\u017cki, pracowa\u0142a jako instruktorka jazdy konnej\u201e<br \/>\n<a href=\"https:\/\/mamania.pl\/product-pol-202-Wszyscy-kochaja-Sigge.html\">https:\/\/mamania.pl\/product-pol-202-Wszyscy-kochaja-Sigge.html<\/a><\/p>\n<p><img loading=\"lazy\" decoding=\"async\" class=\"wp-image-13122 size-medium aligncenter\" src=\"https:\/\/sp1.imielin.pl\/wp-content\/uploads\/2015\/11\/SIGGE-169x300.jpg\" alt=\"dav\" width=\"169\" height=\"300\" srcset=\"https:\/\/sp1.imielin.pl\/wp-content\/uploads\/2015\/11\/SIGGE-169x300.jpg 169w, https:\/\/sp1.imielin.pl\/wp-content\/uploads\/2015\/11\/SIGGE.jpg 360w\" sizes=\"auto, (max-width: 169px) 100vw, 169px\" \/><\/p>\n<p style=\"text-align: center;\"><a href=\"https:\/\/sp1.imielin.pl\/wp-content\/uploads\/2015\/11\/PROCEDURA_podrA_czniki.24.08.2021.pdf\"><strong>Procedura Ewidencjonowania i Udost\u0119pniania Darmowych Podr\u0119cznik\u00f3w i Materia\u0142\u00f3w \u0106wiczeniowych <\/strong><\/a><\/p>\n<p style=\"text-align: center;\"><a href=\"https:\/\/sp1.imielin.pl\/wp-content\/uploads\/2015\/11\/regulamin-wypoayczania-darmowych-podra_cznikaw.pdf\">Regulamin Wypo\u017cyczania Darmowych Podr\u0119cznik\u00f3w<\/a><\/p>\n","protected":false},"excerpt":{"rendered":"<p>BIBLIOTEKA SZKOLNA JEST OTWARTA W NAST\u0118PUJ\u0104CYCH GODZINACH: poniedzia\u0142ek 08.30 &#8211; 12.00 wtorek 08.30 &#8211; 10.30 \u015broda 10.30 &#8211; 16.00 czwartek 08.00 &#8211; 14.00 pi\u0105tek zamkni\u0119te REGULAMIN BIBLIOTEKI SZKOLNEJ LISTA ZAKUPIONYCH KSI\u0104\u017bEK W RAMACH NARODOWEGO PROGRAMU ROZWOJU CZYTELNICTWA &#8211; CZ\u0118\u015a\u0106 I LISTA ZAKUPIONYCH KSI\u0104\u017bEK W RAMACH NARODOWEGO PROGRAMU ROZWOJU CZYTELNICTWA &#8211; CZ\u0118\u015a\u0106 II Serie ksi\u0105\u017cek Bajki [&hellip;]<\/p>\n","protected":false},"author":3,"featured_media":0,"parent":0,"menu_order":0,"comment_status":"closed","ping_status":"closed","template":"","meta":{"_uag_custom_page_level_css":"","footnotes":""},"class_list":["post-23366","page","type-page","status-publish","hentry"],"uagb_featured_image_src":{"full":false,"thumbnail":false,"medium":false,"medium_large":false,"large":false,"1536x1536":false,"2048x2048":false,"gurukul-education-featured-image":false,"gurukul-education-thumbnail-avatar":false},"uagb_author_info":{"display_name":"Tadeusz Brysz","author_link":"https:\/\/sp1.imielin.pl\/index.php\/author\/tadeusz\/"},"uagb_comment_info":0,"uagb_excerpt":"BIBLIOTEKA SZKOLNA JEST OTWARTA W NAST\u0118PUJ\u0104CYCH GODZINACH: poniedzia\u0142ek 08.30 &#8211; 12.00 wtorek 08.30 &#8211; 10.30 \u015broda 10.30 &#8211; 16.00 czwartek 08.00 &#8211; 14.00 pi\u0105tek zamkni\u0119te REGULAMIN BIBLIOTEKI SZKOLNEJ LISTA ZAKUPIONYCH KSI\u0104\u017bEK W RAMACH NARODOWEGO PROGRAMU ROZWOJU CZYTELNICTWA &#8211; CZ\u0118\u015a\u0106 I LISTA ZAKUPIONYCH KSI\u0104\u017bEK W RAMACH NARODOWEGO PROGRAMU ROZWOJU CZYTELNICTWA &#8211; CZ\u0118\u015a\u0106 II Serie ksi\u0105\u017cek Bajki&hellip;","_links":{"self":[{"href":"https:\/\/sp1.imielin.pl\/index.php\/wp-json\/wp\/v2\/pages\/23366","targetHints":{"allow":["GET"]}}],"collection":[{"href":"https:\/\/sp1.imielin.pl\/index.php\/wp-json\/wp\/v2\/pages"}],"about":[{"href":"https:\/\/sp1.imielin.pl\/index.php\/wp-json\/wp\/v2\/types\/page"}],"author":[{"embeddable":true,"href":"https:\/\/sp1.imielin.pl\/index.php\/wp-json\/wp\/v2\/users\/3"}],"replies":[{"embeddable":true,"href":"https:\/\/sp1.imielin.pl\/index.php\/wp-json\/wp\/v2\/comments?post=23366"}],"version-history":[{"count":8,"href":"https:\/\/sp1.imielin.pl\/index.php\/wp-json\/wp\/v2\/pages\/23366\/revisions"}],"predecessor-version":[{"id":26798,"href":"https:\/\/sp1.imielin.pl\/index.php\/wp-json\/wp\/v2\/pages\/23366\/revisions\/26798"}],"wp:attachment":[{"href":"https:\/\/sp1.imielin.pl\/index.php\/wp-json\/wp\/v2\/media?parent=23366"}],"curies":[{"name":"wp","href":"https:\/\/api.w.org\/{rel}","templated":true}]}}