{"id":4154,"date":"2015-11-20T14:28:02","date_gmt":"2015-11-20T13:28:02","guid":{"rendered":"http:\/\/www.gimnazjumimielin.eu\/?page_id=4154"},"modified":"2026-03-09T21:05:32","modified_gmt":"2026-03-09T20:05:32","slug":"ogloszenia-nauczycieli","status":"publish","type":"page","link":"https:\/\/sp1.imielin.pl\/index.php\/ogloszenia-nauczycieli\/","title":{"rendered":"Konkursy"},"content":{"rendered":"<h4><strong>Rok szkolny 2025\/2026<\/strong><\/h4>\n<p>KONKURSY SZKOLNE<\/p>\n<p>Konkurs recytatorski &#8222;Magia s\u0142\u00f3w. Recytacje wierszy Wandy Chotomskiej&#8221; &#8211; <a href=\"https:\/\/www.facebook.com\/photo\/?fbid=1513815533843525&amp;set=pcb.1513815677176844\">LINK\u00a0<\/a><\/p>\n<p>Konkurs plastyczno &#8211; fotograficzny &#8222;\u017bywy obraz&#8221;, termin: 11 marca 2026 r. &#8211; <a href=\"https:\/\/www.facebook.com\/photo\/?fbid=1510607380831007&amp;set=a.450417043516718\">LINK <\/a><\/p>\n<p>Konkurs plastyczny &#8222;Stw\u00f3rz swoj\u0105 kart\u0119 bohatera&#8221;, termin: 9 marca 2026 r. &#8211; <a href=\"https:\/\/sp1.imielin.pl\/index.php\/2026\/02\/06\/lubisz-zbierac-karty-pokemon\/\">LINK\u00a0<\/a><\/p>\n<p>KONKURSY POZASZKOLNE<\/p>\n<p>Europejski Quiz Finansowy &#8211; <a href=\"https:\/\/eqf.wib.org.pl\/\">LINK\u00a0<\/a><\/p>\n<hr \/>\n<p><!--more--><\/p>\n<h3><strong>\u00a0<\/strong><\/h3>\n","protected":false},"excerpt":{"rendered":"<p>Rok szkolny 2025\/2026 KONKURSY SZKOLNE Konkurs recytatorski &#8222;Magia s\u0142\u00f3w. Recytacje wierszy Wandy Chotomskiej&#8221; &#8211; LINK\u00a0 Konkurs plastyczno &#8211; fotograficzny &#8222;\u017bywy obraz&#8221;, termin: 11 marca 2026 r. &#8211; LINK Konkurs plastyczny &#8222;Stw\u00f3rz swoj\u0105 kart\u0119 bohatera&#8221;, termin: 9 marca 2026 r. &#8211; LINK\u00a0 KONKURSY POZASZKOLNE Europejski Quiz Finansowy &#8211; LINK\u00a0<\/p>\n","protected":false},"author":1,"featured_media":0,"parent":0,"menu_order":0,"comment_status":"closed","ping_status":"closed","template":"","meta":{"_uag_custom_page_level_css":"","footnotes":""},"class_list":["post-4154","page","type-page","status-publish","hentry"],"uagb_featured_image_src":{"full":false,"thumbnail":false,"medium":false,"medium_large":false,"large":false,"1536x1536":false,"2048x2048":false,"gurukul-education-featured-image":false,"gurukul-education-thumbnail-avatar":false},"uagb_author_info":{"display_name":"Tadeusz","author_link":"https:\/\/sp1.imielin.pl\/index.php\/author\/tadeusz-bryszgmail-com\/"},"uagb_comment_info":0,"uagb_excerpt":"Rok szkolny 2025\/2026 KONKURSY SZKOLNE Konkurs recytatorski &#8222;Magia s\u0142\u00f3w. Recytacje wierszy Wandy Chotomskiej&#8221; &#8211; LINK\u00a0 Konkurs plastyczno &#8211; fotograficzny &#8222;\u017bywy obraz&#8221;, termin: 11 marca 2026 r. &#8211; LINK Konkurs plastyczny &#8222;Stw\u00f3rz swoj\u0105 kart\u0119 bohatera&#8221;, termin: 9 marca 2026 r. &#8211; LINK\u00a0 KONKURSY POZASZKOLNE Europejski Quiz Finansowy &#8211; LINK\u00a0","_links":{"self":[{"href":"https:\/\/sp1.imielin.pl\/index.php\/wp-json\/wp\/v2\/pages\/4154","targetHints":{"allow":["GET"]}}],"collection":[{"href":"https:\/\/sp1.imielin.pl\/index.php\/wp-json\/wp\/v2\/pages"}],"about":[{"href":"https:\/\/sp1.imielin.pl\/index.php\/wp-json\/wp\/v2\/types\/page"}],"author":[{"embeddable":true,"href":"https:\/\/sp1.imielin.pl\/index.php\/wp-json\/wp\/v2\/users\/1"}],"replies":[{"embeddable":true,"href":"https:\/\/sp1.imielin.pl\/index.php\/wp-json\/wp\/v2\/comments?post=4154"}],"version-history":[{"count":18,"href":"https:\/\/sp1.imielin.pl\/index.php\/wp-json\/wp\/v2\/pages\/4154\/revisions"}],"predecessor-version":[{"id":27991,"href":"https:\/\/sp1.imielin.pl\/index.php\/wp-json\/wp\/v2\/pages\/4154\/revisions\/27991"}],"wp:attachment":[{"href":"https:\/\/sp1.imielin.pl\/index.php\/wp-json\/wp\/v2\/media?parent=4154"}],"curies":[{"name":"wp","href":"https:\/\/api.w.org\/{rel}","templated":true}]}}