{"id":7315,"date":"2018-09-02T12:14:48","date_gmt":"2018-09-02T10:14:48","guid":{"rendered":"http:\/\/www.sp1.imielin.pl\/?page_id=7315"},"modified":"2025-08-25T21:45:26","modified_gmt":"2025-08-25T19:45:26","slug":"swietlica-szkolna","status":"publish","type":"page","link":"https:\/\/sp1.imielin.pl\/index.php\/swietlica-szkolna\/","title":{"rendered":"\u015awietlica szkolna"},"content":{"rendered":"<p><a href=\"https:\/\/sp1.imielin.pl\/wp-content\/uploads\/2025\/08\/KARTA-ZAPISU-DZIECKA-DO-SWIETLICY-2025-2026.docx.pdf\">KARTA ZAPISU DZIECKA DO \u015aWIETLICY SZKOLNEJ<\/a><\/p>\n<p><a href=\"https:\/\/sp1.imielin.pl\/wp-content\/uploads\/2018\/09\/Regulamin-A_wietlicy-2024-2025.docx.pdf\">REGULAMIN PRACY \u015aWIETLICY SZKOLNEJ<\/a><\/p>\n<p><a href=\"https:\/\/sp1.imielin.pl\/wp-content\/uploads\/2014\/07\/regulamin-zbiarki-nakra_tek.doc\">REGULAMIN ZBI\u00d3RKI NAKR\u0118TEK<\/a><\/p>\n","protected":false},"excerpt":{"rendered":"<p>KARTA ZAPISU DZIECKA DO \u015aWIETLICY SZKOLNEJ REGULAMIN PRACY \u015aWIETLICY SZKOLNEJ REGULAMIN ZBI\u00d3RKI NAKR\u0118TEK<\/p>\n","protected":false},"author":2,"featured_media":0,"parent":0,"menu_order":0,"comment_status":"closed","ping_status":"closed","template":"","meta":{"_uag_custom_page_level_css":"","footnotes":""},"class_list":["post-7315","page","type-page","status-publish","hentry"],"uagb_featured_image_src":{"full":false,"thumbnail":false,"medium":false,"medium_large":false,"large":false,"1536x1536":false,"2048x2048":false,"gurukul-education-featured-image":false,"gurukul-education-thumbnail-avatar":false},"uagb_author_info":{"display_name":"Maria Habryka","author_link":"https:\/\/sp1.imielin.pl\/index.php\/author\/maria\/"},"uagb_comment_info":0,"uagb_excerpt":"KARTA ZAPISU DZIECKA DO \u015aWIETLICY SZKOLNEJ REGULAMIN PRACY \u015aWIETLICY SZKOLNEJ REGULAMIN ZBI\u00d3RKI NAKR\u0118TEK","_links":{"self":[{"href":"https:\/\/sp1.imielin.pl\/index.php\/wp-json\/wp\/v2\/pages\/7315","targetHints":{"allow":["GET"]}}],"collection":[{"href":"https:\/\/sp1.imielin.pl\/index.php\/wp-json\/wp\/v2\/pages"}],"about":[{"href":"https:\/\/sp1.imielin.pl\/index.php\/wp-json\/wp\/v2\/types\/page"}],"author":[{"embeddable":true,"href":"https:\/\/sp1.imielin.pl\/index.php\/wp-json\/wp\/v2\/users\/2"}],"replies":[{"embeddable":true,"href":"https:\/\/sp1.imielin.pl\/index.php\/wp-json\/wp\/v2\/comments?post=7315"}],"version-history":[{"count":4,"href":"https:\/\/sp1.imielin.pl\/index.php\/wp-json\/wp\/v2\/pages\/7315\/revisions"}],"predecessor-version":[{"id":26775,"href":"https:\/\/sp1.imielin.pl\/index.php\/wp-json\/wp\/v2\/pages\/7315\/revisions\/26775"}],"wp:attachment":[{"href":"https:\/\/sp1.imielin.pl\/index.php\/wp-json\/wp\/v2\/media?parent=7315"}],"curies":[{"name":"wp","href":"https:\/\/api.w.org\/{rel}","templated":true}]}}